{"id":7287,"date":"2022-01-11T14:50:34","date_gmt":"2022-01-11T11:50:34","guid":{"rendered":"http:\/\/emreerdemoglu.com\/?post_type=product&#038;p=7287"},"modified":"2025-06-21T20:46:15","modified_gmt":"2025-06-21T17:46:15","slug":"bordo-citcit-dugmeli-gomlek","status":"publish","type":"product","link":"http:\/\/emreerdemoglu.com\/index.php\/product\/bordo-citcit-dugmeli-gomlek\/","title":{"rendered":"Bordo \u00c7\u0131t\u00e7\u0131t D\u00fc\u011fmeli G\u00f6mlek"},"content":{"rendered":"<ul>\n<li>Renk: Bordo<\/li>\n<li>%64 Pol. %34 VVISC. %2 Elastan<\/li>\n<\/ul>\n","protected":false},"excerpt":{"rendered":"<ul>\n<li>Renk: Bordo<\/li>\n<li>%64 Pol. %34 VVISC. %2 Elastan<\/li>\n<\/ul>\n","protected":false},"featured_media":7286,"comment_status":"open","ping_status":"closed","template":"","meta":[],"product_cat":[210,294],"product_tag":[],"_links":{"self":[{"href":"http:\/\/emreerdemoglu.com\/index.php\/wp-json\/wp\/v2\/product\/7287"}],"collection":[{"href":"http:\/\/emreerdemoglu.com\/index.php\/wp-json\/wp\/v2\/product"}],"about":[{"href":"http:\/\/emreerdemoglu.com\/index.php\/wp-json\/wp\/v2\/types\/product"}],"replies":[{"embeddable":true,"href":"http:\/\/emreerdemoglu.com\/index.php\/wp-json\/wp\/v2\/comments?post=7287"}],"wp:featuredmedia":[{"embeddable":true,"href":"http:\/\/emreerdemoglu.com\/index.php\/wp-json\/wp\/v2\/media\/7286"}],"wp:attachment":[{"href":"http:\/\/emreerdemoglu.com\/index.php\/wp-json\/wp\/v2\/media?parent=7287"}],"wp:term":[{"taxonomy":"product_cat","embeddable":true,"href":"http:\/\/emreerdemoglu.com\/index.php\/wp-json\/wp\/v2\/product_cat?post=7287"},{"taxonomy":"product_tag","embeddable":true,"href":"http:\/\/emreerdemoglu.com\/index.php\/wp-json\/wp\/v2\/product_tag?post=7287"}],"curies":[{"name":"wp","href":"https:\/\/api.w.org\/{rel}","templated":true}]}}