{"id":7158,"date":"2022-01-11T12:15:44","date_gmt":"2022-01-11T09:15:44","guid":{"rendered":"http:\/\/emreerdemoglu.com\/?post_type=product&#038;p=7158"},"modified":"2024-02-12T14:38:16","modified_gmt":"2024-02-12T11:38:16","slug":"havaci-lacivert-citcit-dugmeli-gomlek","status":"publish","type":"product","link":"http:\/\/emreerdemoglu.com\/index.php\/product\/havaci-lacivert-citcit-dugmeli-gomlek\/","title":{"rendered":"Havac\u0131 Lacivert \u00c7\u0131t\u00e7\u0131t D\u00fc\u011fmeli G\u00f6mlek"},"content":{"rendered":"<ul>\n<li>Renk: Lacivert<\/li>\n<li>%43 Virgin Wool %57 Poly<\/li>\n<\/ul>\n","protected":false},"excerpt":{"rendered":"<ul>\n<li>Renk: Haki<\/li>\n<li>%64 Poly. %34 Visco %2 Elastan<\/li>\n<\/ul>\n","protected":false},"featured_media":7157,"comment_status":"open","ping_status":"closed","template":"","meta":[],"product_cat":[210,294],"product_tag":[],"_links":{"self":[{"href":"http:\/\/emreerdemoglu.com\/index.php\/wp-json\/wp\/v2\/product\/7158"}],"collection":[{"href":"http:\/\/emreerdemoglu.com\/index.php\/wp-json\/wp\/v2\/product"}],"about":[{"href":"http:\/\/emreerdemoglu.com\/index.php\/wp-json\/wp\/v2\/types\/product"}],"replies":[{"embeddable":true,"href":"http:\/\/emreerdemoglu.com\/index.php\/wp-json\/wp\/v2\/comments?post=7158"}],"wp:featuredmedia":[{"embeddable":true,"href":"http:\/\/emreerdemoglu.com\/index.php\/wp-json\/wp\/v2\/media\/7157"}],"wp:attachment":[{"href":"http:\/\/emreerdemoglu.com\/index.php\/wp-json\/wp\/v2\/media?parent=7158"}],"wp:term":[{"taxonomy":"product_cat","embeddable":true,"href":"http:\/\/emreerdemoglu.com\/index.php\/wp-json\/wp\/v2\/product_cat?post=7158"},{"taxonomy":"product_tag","embeddable":true,"href":"http:\/\/emreerdemoglu.com\/index.php\/wp-json\/wp\/v2\/product_tag?post=7158"}],"curies":[{"name":"wp","href":"https:\/\/api.w.org\/{rel}","templated":true}]}}