{"id":3892,"date":"2020-08-04T23:11:34","date_gmt":"2020-08-04T20:11:34","guid":{"rendered":"https:\/\/emreerdemoglu.com\/?post_type=product&#038;p=3892"},"modified":"2024-02-12T14:37:50","modified_gmt":"2024-02-12T11:37:50","slug":"kus-baskili-scuba-bomber-ceket","status":"publish","type":"product","link":"http:\/\/emreerdemoglu.com\/index.php\/product\/kus-baskili-scuba-bomber-ceket\/","title":{"rendered":"Ku\u015f Bask\u0131l\u0131 Scuba Bomber Ceket"},"content":{"rendered":"<ul>\n<li>%100 Poly<\/li>\n<li>Renk : Turuncu<\/li>\n<\/ul>\n","protected":false},"excerpt":{"rendered":"<ul>\n<li>%100 Poly<\/li>\n<li>Renk : Turuncu<\/li>\n<\/ul>\n","protected":false},"featured_media":3894,"comment_status":"open","ping_status":"closed","template":"","meta":[],"product_cat":[224,225],"product_tag":[],"_links":{"self":[{"href":"http:\/\/emreerdemoglu.com\/index.php\/wp-json\/wp\/v2\/product\/3892"}],"collection":[{"href":"http:\/\/emreerdemoglu.com\/index.php\/wp-json\/wp\/v2\/product"}],"about":[{"href":"http:\/\/emreerdemoglu.com\/index.php\/wp-json\/wp\/v2\/types\/product"}],"replies":[{"embeddable":true,"href":"http:\/\/emreerdemoglu.com\/index.php\/wp-json\/wp\/v2\/comments?post=3892"}],"wp:featuredmedia":[{"embeddable":true,"href":"http:\/\/emreerdemoglu.com\/index.php\/wp-json\/wp\/v2\/media\/3894"}],"wp:attachment":[{"href":"http:\/\/emreerdemoglu.com\/index.php\/wp-json\/wp\/v2\/media?parent=3892"}],"wp:term":[{"taxonomy":"product_cat","embeddable":true,"href":"http:\/\/emreerdemoglu.com\/index.php\/wp-json\/wp\/v2\/product_cat?post=3892"},{"taxonomy":"product_tag","embeddable":true,"href":"http:\/\/emreerdemoglu.com\/index.php\/wp-json\/wp\/v2\/product_tag?post=3892"}],"curies":[{"name":"wp","href":"https:\/\/api.w.org\/{rel}","templated":true}]}}