{"id":3430,"date":"2020-07-19T18:26:26","date_gmt":"2020-07-19T15:26:26","guid":{"rendered":"https:\/\/emreerdemoglu.com\/?post_type=product&#038;p=3430"},"modified":"2024-02-12T14:37:14","modified_gmt":"2024-02-12T11:37:14","slug":"klasor-14","status":"publish","type":"product","link":"http:\/\/emreerdemoglu.com\/index.php\/product\/klasor-14\/","title":{"rendered":"Klas\u00f6r 14"},"content":{"rendered":"<p>\u00dcr\u00fcn Detay A\u00e7\u0131klamalar\u0131 Bu Alana Eklenecek<\/p>\n","protected":false},"excerpt":{"rendered":"<p>\u00dcr\u00fcn K\u0131sa A\u00e7\u0131klamas\u0131 Bu Alana Eklenecek<\/p>\n","protected":false},"featured_media":3435,"comment_status":"open","ping_status":"closed","template":"","meta":[],"product_cat":[197],"product_tag":[],"_links":{"self":[{"href":"http:\/\/emreerdemoglu.com\/index.php\/wp-json\/wp\/v2\/product\/3430"}],"collection":[{"href":"http:\/\/emreerdemoglu.com\/index.php\/wp-json\/wp\/v2\/product"}],"about":[{"href":"http:\/\/emreerdemoglu.com\/index.php\/wp-json\/wp\/v2\/types\/product"}],"replies":[{"embeddable":true,"href":"http:\/\/emreerdemoglu.com\/index.php\/wp-json\/wp\/v2\/comments?post=3430"}],"wp:featuredmedia":[{"embeddable":true,"href":"http:\/\/emreerdemoglu.com\/index.php\/wp-json\/wp\/v2\/media\/3435"}],"wp:attachment":[{"href":"http:\/\/emreerdemoglu.com\/index.php\/wp-json\/wp\/v2\/media?parent=3430"}],"wp:term":[{"taxonomy":"product_cat","embeddable":true,"href":"http:\/\/emreerdemoglu.com\/index.php\/wp-json\/wp\/v2\/product_cat?post=3430"},{"taxonomy":"product_tag","embeddable":true,"href":"http:\/\/emreerdemoglu.com\/index.php\/wp-json\/wp\/v2\/product_tag?post=3430"}],"curies":[{"name":"wp","href":"https:\/\/api.w.org\/{rel}","templated":true}]}}